{"id":1031,"date":"2026-02-27T15:20:47","date_gmt":"2026-02-27T14:20:47","guid":{"rendered":"http:\/\/memco.local\/?page_id=1031"},"modified":"2026-03-06T08:36:07","modified_gmt":"2026-03-06T07:36:07","slug":"agnus-dei-agneau-de-dieu","status":"publish","type":"page","link":"https:\/\/www.yanncourte.fr\/en\/agnus-dei-agneau-de-dieu\/","title":{"rendered":"Agnus Dei"},"content":{"rendered":"<div style=\"height:100px\" aria-hidden=\"true\" class=\"wp-block-spacer\"><\/div>\n\n\n\n<p>At the request of <strong><a href=\"https:\/\/lauralabrilaborie.com\/\" data-type=\"link\" data-id=\"https:\/\/lauralabrilaborie.com\/\" target=\"_blank\" rel=\"noreferrer noopener\">Laura Labri Laborie<\/a><\/strong> I documented her work <strong><em>Agnus Dei \u2013 Agneau de Dieu<\/em><\/strong>, presented in April 2025 at the Chapelle du Quartier-Haut in S\u00e8te, where earth, wood, donkey hair, bones and glue symbolise mummies, and where the crucifixion weaves together mysticism and a critique of blind belief.<\/p>\n\n\n\n<div style=\"height:100px\" aria-hidden=\"true\" class=\"wp-block-spacer\"><\/div>\n\n\n\n<figure class=\"wp-block-embed is-type-video is-provider-youtube wp-block-embed-youtube wp-embed-aspect-16-9 wp-has-aspect-ratio\"><div class=\"wp-block-embed__wrapper\">\n<iframe loading=\"lazy\" title=\"Laura Labri Laborie - Agnus Dei, installation \u00e0 la Chapelle du Quartier-Haut, S\u00e8te, avril 2025\" width=\"500\" height=\"281\" src=\"https:\/\/www.youtube.com\/embed\/lEbud8agBhQ?feature=oembed\" frameborder=\"0\" allow=\"accelerometer; autoplay; clipboard-write; encrypted-media; gyroscope; picture-in-picture; web-share\" referrerpolicy=\"strict-origin-when-cross-origin\" allowfullscreen><\/iframe>\n<\/div><\/figure>","protected":false},"excerpt":{"rendered":"<p>\u00c0 la demande de Laura Labri Laborie j\u2019ai document\u00e9 son \u0153uvre Agnus Dei \u2013 Agneau de Dieu, pr\u00e9sent\u00e9e en avril 2025 \u00e0 la Chapelle du Quartier-Haut \u00e0 S\u00e8te, o\u00f9 terre, bois, poils d\u2019\u00e2nes, os et colle symbolisent les momies, et o\u00f9 la crucifixion m\u00eale mysticisme et critique de la croyance aveugle.<\/p>","protected":false},"author":1,"featured_media":0,"parent":0,"menu_order":39,"comment_status":"closed","ping_status":"closed","template":"","meta":{"footnotes":""},"class_list":["post-1031","page","type-page","status-publish","hentry"],"_links":{"self":[{"href":"https:\/\/www.yanncourte.fr\/en\/wp-json\/wp\/v2\/pages\/1031","targetHints":{"allow":["GET"]}}],"collection":[{"href":"https:\/\/www.yanncourte.fr\/en\/wp-json\/wp\/v2\/pages"}],"about":[{"href":"https:\/\/www.yanncourte.fr\/en\/wp-json\/wp\/v2\/types\/page"}],"author":[{"embeddable":true,"href":"https:\/\/www.yanncourte.fr\/en\/wp-json\/wp\/v2\/users\/1"}],"replies":[{"embeddable":true,"href":"https:\/\/www.yanncourte.fr\/en\/wp-json\/wp\/v2\/comments?post=1031"}],"version-history":[{"count":8,"href":"https:\/\/www.yanncourte.fr\/en\/wp-json\/wp\/v2\/pages\/1031\/revisions"}],"predecessor-version":[{"id":1135,"href":"https:\/\/www.yanncourte.fr\/en\/wp-json\/wp\/v2\/pages\/1031\/revisions\/1135"}],"wp:attachment":[{"href":"https:\/\/www.yanncourte.fr\/en\/wp-json\/wp\/v2\/media?parent=1031"}],"curies":[{"name":"wp","href":"https:\/\/api.w.org\/{rel}","templated":true}]}}

<div style="height:100px" aria-hidden="true" class="wp-block-spacer"></div>



<p>At the request of <strong><a href="https://lauralabrilaborie.com/" data-type="link" data-id="https://lauralabrilaborie.com/" target="_blank" rel="noreferrer noopener">Laura Labri Laborie</a></strong> I documented her work <strong><em>Agnus Dei – Agneau de Dieu</em></strong>, presented in April 2025 at the Chapelle du Quartier-Haut in Sète, where earth, wood, donkey hair, bones and glue symbolise mummies, and where the crucifixion weaves together mysticism and a critique of blind belief.</p>



<div style="height:100px" aria-hidden="true" class="wp-block-spacer"></div>



<figure class="wp-block-embed is-type-video is-provider-youtube wp-block-embed-youtube wp-embed-aspect-16-9 wp-has-aspect-ratio"><div class="wp-block-embed__wrapper">
<iframe loading="lazy" title="Laura Labri Laborie - Agnus Dei, installation à la Chapelle du Quartier-Haut, Sète, avril 2025" width="500" height="281" src="https://www.youtube.com/embed/lEbud8agBhQ?feature=oembed" frameborder="0" allow="accelerometer; autoplay; clipboard-write; encrypted-media; gyroscope; picture-in-picture; web-share" referrerpolicy="strict-origin-when-cross-origin" allowfullscreen></iframe>
</div></figure>

<p>À la demande de Laura Labri Laborie j’ai documenté son œuvre Agnus Dei – Agneau de Dieu, présentée en avril 2025 à la Chapelle du Quartier-Haut à Sète, où terre, bois, poils d’ânes, os et colle symbolisent les momies, et où la crucifixion mêle mysticisme et critique de la croyance aveugle.</p>
